{"id":139,"date":"2012-11-24T10:08:19","date_gmt":"2012-11-24T09:08:19","guid":{"rendered":"https:\/\/ww-systemhaus.de\/main\/?page_id=139"},"modified":"2026-05-04T10:09:04","modified_gmt":"2026-05-04T08:09:04","slug":"willkommen","status":"publish","type":"page","link":"https:\/\/ww-systemhaus.de\/","title":{"rendered":"Home"},"content":{"rendered":"<p style=\"text-align: center;\">&nbsp;<\/p>\r\n<p style=\"text-align: center;\">__________________________________________________________________<\/p>\r\n<p style=\"text-align: center;\">Seit 1998 bieten wir unseren Kunden innovative und ganzheitliche IT-L\u00f6sungen an.<\/p>\r\n<p style=\"text-align: center;\">Von der Beratung \u00fcber die Realisierung bis hin zur Betreung sind wir f\u00fcr Sie da. Als Systemhaus bieten wir Teil-und Komplettl\u00f6sungen aus dem Bereich Informationstechnologie an.<\/p>\r\n<p style=\"text-align: center;\">Wir stellen als Dienstleister eine wichtige Br\u00fcckenfunktion zwischen Ihnen und den Herstellern von IT-Produkten (Hard-\/Software etc.) dar.<\/p>\r\n<p>&nbsp;<\/p>\r\n<p>&nbsp;<\/p>\r\n<p>&nbsp;<\/p>\r\n<p>&nbsp;<\/p>\r\n<p><\/p><!-- \/wp:post-content -->","protected":false},"excerpt":{"rendered":"<p>&nbsp; __________________________________________________________________ Seit 1998 bieten wir unseren Kunden innovative und ganzheitliche IT-L\u00f6sungen an. Von der Beratung \u00fcber die Realisierung bis hin zur Betreung sind wir f\u00fcr Sie da. Als Systemhaus bieten wir Teil-und Komplettl\u00f6sungen aus dem Bereich Informationstechnologie an. Wir stellen als Dienstleister eine wichtige Br\u00fcckenfunktion zwischen Ihnen und den Herstellern von IT-Produkten (Hard-\/Software etc.) [&hellip;]<\/p>\n","protected":false},"author":2,"featured_media":0,"parent":0,"menu_order":0,"comment_status":"closed","ping_status":"open","template":"","meta":{"ngg_post_thumbnail":0,"footnotes":""},"class_list":["post-139","page","type-page","status-publish","hentry"],"yoast_head":"<!-- This site is optimized with the Yoast SEO plugin v27.5 - https:\/\/yoast.com\/product\/yoast-seo-wordpress\/ -->\n<title>Home - W&amp;W Systemhaus<\/title>\n<meta name=\"description\" content=\"W&amp;W Systemhaus. Kaiserstr. 24, 42329 Wuppertal Vohwinkel. Verkauf &amp; Reparatur von Computer, Notebook, Peripherie &amp; Telekomunikation.\" \/>\n<meta name=\"robots\" content=\"index, follow, max-snippet:-1, max-image-preview:large, max-video-preview:-1\" \/>\n<link rel=\"canonical\" href=\"https:\/\/ww-systemhaus.de\/\" \/>\n<meta property=\"og:locale\" content=\"de_DE\" \/>\n<meta property=\"og:type\" content=\"article\" \/>\n<meta property=\"og:title\" content=\"W&amp;W Systemhaus\" \/>\n<meta property=\"og:description\" content=\"W&amp;W Systemhaus. Kaiserstr. 24, 42329 Wuppertal Vohwinkel. Verkauf &amp; Reparatur von Computer, Notebook und Peripherie &amp; Telekomunikation.\" \/>\n<meta property=\"og:url\" content=\"https:\/\/ww-systemhaus.de\/\" \/>\n<meta property=\"og:site_name\" content=\"W&amp;W Systemhaus\" \/>\n<meta property=\"article:modified_time\" content=\"2026-05-04T08:09:04+00:00\" \/>\n<meta property=\"og:image\" content=\"https:\/\/ww-systemhaus.de\/wp-content\/uploads\/2017\/12\/ww-social.jpg\" \/>\n\t<meta property=\"og:image:width\" content=\"630\" \/>\n\t<meta property=\"og:image:height\" content=\"630\" \/>\n\t<meta property=\"og:image:type\" content=\"image\/jpeg\" \/>\n<meta name=\"twitter:card\" content=\"summary_large_image\" \/>\n<meta name=\"twitter:image\" content=\"https:\/\/ww-systemhaus.de\/wp-content\/uploads\/2017\/12\/social.jpg\" \/>\n<meta name=\"twitter:label1\" content=\"Gesch\u00e4tzte Lesezeit\" \/>\n\t<meta name=\"twitter:data1\" content=\"1\u00a0Minute\" \/>\n<script type=\"application\/ld+json\" class=\"yoast-schema-graph\">{\"@context\":\"https:\\\/\\\/schema.org\",\"@graph\":[{\"@type\":\"WebPage\",\"@id\":\"https:\\\/\\\/ww-systemhaus.de\\\/\",\"url\":\"https:\\\/\\\/ww-systemhaus.de\\\/\",\"name\":\"Home - W&amp;W Systemhaus\",\"isPartOf\":{\"@id\":\"https:\\\/\\\/ww-systemhaus.de\\\/#website\"},\"datePublished\":\"2012-11-24T09:08:19+00:00\",\"dateModified\":\"2026-05-04T08:09:04+00:00\",\"description\":\"W&W Systemhaus. Kaiserstr. 24, 42329 Wuppertal Vohwinkel. Verkauf & Reparatur von Computer, Notebook, Peripherie & Telekomunikation.\",\"breadcrumb\":{\"@id\":\"https:\\\/\\\/ww-systemhaus.de\\\/#breadcrumb\"},\"inLanguage\":\"de\",\"potentialAction\":[{\"@type\":\"ReadAction\",\"target\":[\"https:\\\/\\\/ww-systemhaus.de\\\/\"]}]},{\"@type\":\"BreadcrumbList\",\"@id\":\"https:\\\/\\\/ww-systemhaus.de\\\/#breadcrumb\",\"itemListElement\":[{\"@type\":\"ListItem\",\"position\":1,\"name\":\"Startseite\",\"item\":\"https:\\\/\\\/ww-systemhaus.de\\\/\"},{\"@type\":\"ListItem\",\"position\":2,\"name\":\"Home\"}]},{\"@type\":\"WebSite\",\"@id\":\"https:\\\/\\\/ww-systemhaus.de\\\/#website\",\"url\":\"https:\\\/\\\/ww-systemhaus.de\\\/\",\"name\":\"W&amp;W Systemhaus\",\"description\":\"Computer \u00b7 Notebooks \u00b7 Zubeh\u00f6r \u00b7 Telefonie \u00b7 Vor-Ort-Service \u00b7 Werkstatt-Service\",\"publisher\":{\"@id\":\"https:\\\/\\\/ww-systemhaus.de\\\/#organization\"},\"potentialAction\":[{\"@type\":\"SearchAction\",\"target\":{\"@type\":\"EntryPoint\",\"urlTemplate\":\"https:\\\/\\\/ww-systemhaus.de\\\/?s={search_term_string}\"},\"query-input\":{\"@type\":\"PropertyValueSpecification\",\"valueRequired\":true,\"valueName\":\"search_term_string\"}}],\"inLanguage\":\"de\"},{\"@type\":\"Organization\",\"@id\":\"https:\\\/\\\/ww-systemhaus.de\\\/#organization\",\"name\":\"W&W Systemhaus\",\"url\":\"https:\\\/\\\/ww-systemhaus.de\\\/\",\"logo\":{\"@type\":\"ImageObject\",\"inLanguage\":\"de\",\"@id\":\"https:\\\/\\\/ww-systemhaus.de\\\/#\\\/schema\\\/logo\\\/image\\\/\",\"url\":\"https:\\\/\\\/ww-systemhaus.de\\\/wp-content\\\/uploads\\\/2017\\\/12\\\/ww-social.jpg\",\"contentUrl\":\"https:\\\/\\\/ww-systemhaus.de\\\/wp-content\\\/uploads\\\/2017\\\/12\\\/ww-social.jpg\",\"width\":630,\"height\":630,\"caption\":\"W&W Systemhaus\"},\"image\":{\"@id\":\"https:\\\/\\\/ww-systemhaus.de\\\/#\\\/schema\\\/logo\\\/image\\\/\"}}]}<\/script>\n<!-- \/ Yoast SEO plugin. -->","yoast_head_json":{"title":"Home - W&amp;W Systemhaus","description":"W&W Systemhaus. Kaiserstr. 24, 42329 Wuppertal Vohwinkel. Verkauf & Reparatur von Computer, Notebook, Peripherie & Telekomunikation.","robots":{"index":"index","follow":"follow","max-snippet":"max-snippet:-1","max-image-preview":"max-image-preview:large","max-video-preview":"max-video-preview:-1"},"canonical":"https:\/\/ww-systemhaus.de\/","og_locale":"de_DE","og_type":"article","og_title":"W&W Systemhaus","og_description":"W&W Systemhaus. Kaiserstr. 24, 42329 Wuppertal Vohwinkel. Verkauf & Reparatur von Computer, Notebook und Peripherie & Telekomunikation.","og_url":"https:\/\/ww-systemhaus.de\/","og_site_name":"W&amp;W Systemhaus","article_modified_time":"2026-05-04T08:09:04+00:00","og_image":[{"width":630,"height":630,"url":"https:\/\/ww-systemhaus.de\/wp-content\/uploads\/2017\/12\/ww-social.jpg","type":"image\/jpeg"}],"twitter_card":"summary_large_image","twitter_image":"https:\/\/ww-systemhaus.de\/wp-content\/uploads\/2017\/12\/social.jpg","twitter_misc":{"Gesch\u00e4tzte Lesezeit":"1\u00a0Minute"},"schema":{"@context":"https:\/\/schema.org","@graph":[{"@type":"WebPage","@id":"https:\/\/ww-systemhaus.de\/","url":"https:\/\/ww-systemhaus.de\/","name":"Home - W&amp;W Systemhaus","isPartOf":{"@id":"https:\/\/ww-systemhaus.de\/#website"},"datePublished":"2012-11-24T09:08:19+00:00","dateModified":"2026-05-04T08:09:04+00:00","description":"W&W Systemhaus. Kaiserstr. 24, 42329 Wuppertal Vohwinkel. Verkauf & Reparatur von Computer, Notebook, Peripherie & Telekomunikation.","breadcrumb":{"@id":"https:\/\/ww-systemhaus.de\/#breadcrumb"},"inLanguage":"de","potentialAction":[{"@type":"ReadAction","target":["https:\/\/ww-systemhaus.de\/"]}]},{"@type":"BreadcrumbList","@id":"https:\/\/ww-systemhaus.de\/#breadcrumb","itemListElement":[{"@type":"ListItem","position":1,"name":"Startseite","item":"https:\/\/ww-systemhaus.de\/"},{"@type":"ListItem","position":2,"name":"Home"}]},{"@type":"WebSite","@id":"https:\/\/ww-systemhaus.de\/#website","url":"https:\/\/ww-systemhaus.de\/","name":"W&amp;W Systemhaus","description":"Computer \u00b7 Notebooks \u00b7 Zubeh\u00f6r \u00b7 Telefonie \u00b7 Vor-Ort-Service \u00b7 Werkstatt-Service","publisher":{"@id":"https:\/\/ww-systemhaus.de\/#organization"},"potentialAction":[{"@type":"SearchAction","target":{"@type":"EntryPoint","urlTemplate":"https:\/\/ww-systemhaus.de\/?s={search_term_string}"},"query-input":{"@type":"PropertyValueSpecification","valueRequired":true,"valueName":"search_term_string"}}],"inLanguage":"de"},{"@type":"Organization","@id":"https:\/\/ww-systemhaus.de\/#organization","name":"W&W Systemhaus","url":"https:\/\/ww-systemhaus.de\/","logo":{"@type":"ImageObject","inLanguage":"de","@id":"https:\/\/ww-systemhaus.de\/#\/schema\/logo\/image\/","url":"https:\/\/ww-systemhaus.de\/wp-content\/uploads\/2017\/12\/ww-social.jpg","contentUrl":"https:\/\/ww-systemhaus.de\/wp-content\/uploads\/2017\/12\/ww-social.jpg","width":630,"height":630,"caption":"W&W Systemhaus"},"image":{"@id":"https:\/\/ww-systemhaus.de\/#\/schema\/logo\/image\/"}}]}},"_links":{"self":[{"href":"https:\/\/ww-systemhaus.de\/index.php?rest_route=\/wp\/v2\/pages\/139","targetHints":{"allow":["GET"]}}],"collection":[{"href":"https:\/\/ww-systemhaus.de\/index.php?rest_route=\/wp\/v2\/pages"}],"about":[{"href":"https:\/\/ww-systemhaus.de\/index.php?rest_route=\/wp\/v2\/types\/page"}],"author":[{"embeddable":true,"href":"https:\/\/ww-systemhaus.de\/index.php?rest_route=\/wp\/v2\/users\/2"}],"replies":[{"embeddable":true,"href":"https:\/\/ww-systemhaus.de\/index.php?rest_route=%2Fwp%2Fv2%2Fcomments&post=139"}],"version-history":[{"count":370,"href":"https:\/\/ww-systemhaus.de\/index.php?rest_route=\/wp\/v2\/pages\/139\/revisions"}],"predecessor-version":[{"id":1177,"href":"https:\/\/ww-systemhaus.de\/index.php?rest_route=\/wp\/v2\/pages\/139\/revisions\/1177"}],"wp:attachment":[{"href":"https:\/\/ww-systemhaus.de\/index.php?rest_route=%2Fwp%2Fv2%2Fmedia&parent=139"}],"curies":[{"name":"wp","href":"https:\/\/api.w.org\/{rel}","templated":true}]}}